ens digit of (q - -2)*(56/12 + -3)?
7
Suppose 5*i + 682 = u, 5*i = -u - u - 676. Let d = i - -674. What is the units digit of d?
8
Let v be -1 - (-35)/(10/2). Suppose -v*z - 12 = -24. Suppose -5*c + 70 = -3*h, 9*h = z*c + 4*h - 47. What is the units digit of c?
1
Suppose -5*b + 0*z = -z + 21, -9 = 5*b - 4*z. Suppose -223 = -6*y - 241. What is the hundreds digit of (-1)/(y*b/(-2445))?
1
Suppose 2*a + 32*r - 15840 = 34*r, -5*a + 39640 = 3*r. What is the hundreds digit of a?
9
Let z(d) = -22*d**3 - 22*d**2 - 100*d - 15. What is the hundreds digit of z(-7)?
1
Let f be ((-9)/6)/(1/6). Let w = 45 + 34. Let q = w + f. What is the tens digit of q?
7
Let f = 9868 - 6194. What is the hundreds digit of f?
6
Suppose -3*k = -3*u, -4*k - 12 = -5*u - 3*k. What is the units digit of 77725/250 + u/30?
1
Let x be (18/33)/(-3) - (-144)/66. Suppose -4*g + x*g = 454. Let k = -47 - g. What is the units digit of k?
0
Let j(k) = 7 + 20 + 3*k - 5*k - k. Suppose -5*g - 3*c + c = 91, -5*c + 48 = -2*g. What is the units digit of j(g)?
4
Let a be 3/(-3 - 18/(-8)). Let c(s) = -s**2 - 5*s - 4. Let r be c(a). What is the tens digit of 86 + r + (-5 - -7)?
8
Let w = -5895 + 16560. What is the units digit of w?
5
Let d = 457 - 437. Suppose -13 = -2*j + 6*a - a, 0 = -j - 3*a + 12. Let z = j + d. What is the tens digit of z?
2
Suppose 6*c - 3 = 5*c. Suppose -2*k - c*a = -669, -4*k - 2*a + 5*a + 1311 = 0. Let f = k - 49. What is the tens digit of f?
8
Let t(u) = 141*u**3 - 12*u**2 + 29*u - 280. What is the tens digit of t(6)?
1
Let p(j) = -179*j - 9. Let f be p(-7). Suppose 4*w = 2*z - 796, 4*z = z - 4*w + f. What is the tens digit of z?
0
Let v(t) = t**3 - 111*t**2 + 1683*t - 205. What is the thousands digit of v(103)?
8
Let o(v) = -2*v**3 - 86*v**2 + 5*v + 488. What is the tens digit of o(-45)?
6
Let b be -8 + -676 + (-2 + 10)/4. Let t = b - -969. What is the tens digit of t?
8
Let g(s) be the second derivative of 7*s**4/12 - 2*s**3 + 33*s**2/2 - 17*s - 4. What is the tens digit of g(10)?
1
Suppose -4*t - 5*r + 1 = 0, -t - 3*t - 3*r + 7 = 0. What is the units digit of 8/(-12)*t*(-78)/4?
2
Let x(d) = -8*d - 36. Let w be x(-5). Suppose w*c + 4*j = 2*j + 18, -c = -j + 3. Suppose 3*r + 7*a = c*a + 570, 381 = 2*r + 3*a. What is the tens digit of r?
9
Let j(v) = -9*v - 54. Let r be j(-7). Suppose -1096 = -r*y + 6194. Suppose -q + y = 5*p, -p = 2*q - 53 - 100. What is the tens digit of p?
6
Let l(u) = u**3 - 19*u**2 - 17*u - 6. Let j = -80 + 82. Let c be ((-1)/j)/((-4)/192) - 4. What is the units digit of l(c)?
4
Suppose 2141*x - 2131*x - 41280 = 0. What is the tens digit of x?
2
Let n = -20 - -36. What is the units digit of (-6)/n - 3897/(-24)?
2
Let h(p) = p**3 + 47*p**2 + 78*p + 237. What is the thousands digit of h(-37)?
1
Let n(t) = 4*t**2 + 24*t + 63. What is the units digit of n(-13)?
7
Let i = -2 + 22. Let u = i + 196. What is the hundreds digit of u?
2
Suppose -39*q = -17*q - 154. Suppose 3*x = n + q*x - 544, -x - 1658 = -3*n. What is the tens digit of n?
5
Let m = 51400 - 30236. What is the units digit of m?
4
What is the hundreds digit of 218752/6 + (-1840)/690?
4
Suppose 2*h = -3*h - 4*p + 69, 0 = 3*h - 4*p - 35. Suppose 0 = s + 4, -4*n + 2892 = 10*s - h*s. What is the units digit of n?
0
Suppose 3*p - 2897 = 5*s, -2*s = -14*p + 17*p - 2869. Suppose 964*h - 4885 = p*h. What is the hundreds digit of h?
9
What is the hundreds digit of 13718 - ((-2)/(-4) + (-1127)/(-98))?
7
Suppose 45*c - 19513 = -v + 41*c, 2*v - 3*c - 39037 = 0. What is the tens digit of v?
1
Suppose 0 = 40*c - 63528 - 532872. What is the ten thousands digit of c?
1
Let n(u) = 18383*u + 954. What is the thousands digit of n(2)?
7
Let j(u) = 34*u**2 + 5*u - 17. Let q be j(-4). Suppose -310 - q = -r. What is the units digit of r?
7
Suppose t = -2*a + 2970, -11 = -3*a + 1. What is the thousands digit of t?
2
Suppose 485 = 2*v + j - 141, v + j - 311 = 0. What is the units digit of v?
5
What is the tens digit of ((-89258)/52)/((-2)/4 - 0)?
3
Let l be 7 - 8/(-14)*(-84)/24. Suppose -o + 0*u = 2*u - 432, o + l*u - 432 = 0. What is the hundreds digit of o?
4
Let o(x) = -5*x + 15. Let r be o(18). Let n = r - -79. Suppose -n*t = -40 + 16. What is the units digit of t?
6
Suppose 4*m - m + 3*i = 7953, 3*i = -5*m + 13263. What is the units digit of m?
5
Suppose -4*i - 41521 + 711 = -2*k, -4*k = i - 81638. What is the units digit of k?
9
Let s be 2706/264*6*2/3. Suppose -s*n + 5416 = -37*n. What is the units digit of n?
4
Let b = -725 - -483. Let u = b - -358. Suppose -4*h - 2*j + u = -6*j, 3*j + 61 = 2*h. What is the tens digit of h?
2
Let t = 178 + -174. Suppose 0*x = t*x - 1248. What is the units digit of x?
2
Let t = -22 + 27. Suppose 122 = t*q + 82. Suppose -q*k = -330 - 422. What is the tens digit of k?
9
Let k be 1254/(-18) - 5/15. What is the units digit of (k/(-8))/(10/200)?
5
Suppose -370*x = -368*x + 4*f - 118066, x = 5*f + 58998. What is the ten thousands digit of x?
5
Let l = 4357 + 2. What is the tens digit of l?
5
Suppose d + 7*m - 9*m - 3171 = 0, -15807 = -5*d - 2*m. Suppose 933 = -5*z + d. What is the tens digit of z?
4
Let l = -17344 - -25336. What is the units digit of l?
2
Suppose 3*a - 35412 = 2*q, -11*a + 9*a = 5*q - 23646. What is the units digit of a?
8
What is the units digit of (-22202)/(-4) + (-5)/(-2)?
3
Suppose 1641 = -3*n - z, 2*n + 2201 = -2*n + 3*z. Let s = n + 890. What is the tens digit of s?
4
Suppose -119*c = -82*c - 342102. What is the thousands digit of c?
9
Suppose 2*l - t - 11584 = -3560, -24 = 4*t. What is the hundreds digit of l?
0
Suppose -12*c + 10790 = -3680 - 20594. What is the tens digit of c?
2
Let f(p) = -p + 36. Let t be f(14). Let w = t + -24. Let b(m) = -26*m - 10. What is the tens digit of b(w)?
4
Let v(b) = 4*b**2 - 15*b + 1. Let f be v(4). Suppose f*g = -5*s + 3640, -2*s + 2*g + 722 = -s. What is the hundreds digit of s?
7
Suppose 0*p + 24 = -p - 3*x, -3*p - 47 = 4*x. Let d(i) = -4*i**2 + 3*i**2 - 16 - 9*i + 31. What is the tens digit of d(p)?
1
Suppose 1338 = 5*y - 5*n - 14147, -y - 3*n + 3077 = 0. Suppose 8*j - 4*j = y. What is the tens digit of j?
7
What is the units digit of -8*270333/(-108) - (-15)/(-9)?
3
Suppose -5*z + 3*n + n = 1277, -2*n - 4 = 0. Let p = -136 - z. What is the units digit of p?
1
Let g(r) = -3*r + 102. Let j be g(0). Suppose c - 44 = -n, 3*c + j = -0*n + 3*n. What is the tens digit of n?
3
Let u(q) = 10827*q**3 - q**2 + 42*q - 42. What is the ten thousands digit of u(1)?
1
Let d(t) = -5*t**2 + 5*t - 93. Let s(m) be the third derivative of -m**5/60 + m**4/24 + 9*m**2. Let y(p) = -d(p) + 4*s(p). What is the units digit of y(0)?
3
Let c(r) = 266*r**2 + 35*r + 7. Let t(d) = d**2 + d. Let k(m) = c(m) - 42*t(m). What is the units digit of k(1)?
4
Suppose -110*b + 130367 = 2*b - 145713. What is the hundreds digit of b?
4
What is the tens digit of 17855/4 + 195/(-260)?
6
Suppose 0*i = -2*n + 5*i + 287, n = 2*i + 142. Suppose -3*l - 2*g = 170, -2*l + 15*g - 108 = 11*g. Let o = l + n. What is the tens digit of o?
8
Let k(f) = -6*f**2 + 22*f**2 + f - 10*f**2 + 1. Let b be k(-1). Suppose 0 = -4*c - 10 - b, -5*c = -2*x + 168. What is the tens digit of x?
7
Let m be (4/14)/((-9)/(-126)). Suppose -v - 4 = -3*n, -4*n = v - 3*v - m. Suppose -v*x - 480 = -8*x. What is the units digit of x?
0
Let n(m) = 2591*m - 1045. What is the thousands digit of n(8)?
9
Let p be (-2)/(-4)*(4 - 6). What is the units digit of (-40719)/(-126) - p/(-6)?
3
Let r(n) = 13*n - 22. Suppose 0 = 7*q + 2*q + 45. Let u be r(q). Let l = 35 - u. What is the units digit of l?
2
Suppose 0 = -15*s + 7*s + 48. Let y(q) = q**3 + 8*q**2 + q + 6. What is the tens digit of y(s)?
1
Let n(i) = 2*i**2 - 247*i + 173. What is the thousands digit of n(-46)?
5
Let m = -32834 - -56101. What is the thousands digit of m?
3
Suppose 33192 - 7680 = 12*s. What is the tens digit of s?
2
Suppose -6*t - 36 = -144. Suppose -8*h = t*h - 42276. What is the thousands digit of h?
1
Suppose -5*j + 207 = -683. Suppose 169*o + 3564 = j*o. What is the units digit of o?
6
Let r = 2687 - 515. What is the hundreds digit of r?
1
Let c be (-6 - -42)*((-39)/6 + 1). Suppose 0 = -5*h - 20, 3*y - 3*h - 343 = 4*y. What is the tens digit of (-44)/c - y/9?
3
Suppose -2*o + 59396 = 4*l, 2*l - o - 44986 = -15284. What is the hundreds 